 3*u - 3. What are the prime factors of m(p)?
7
Let u(w) = w**3 - 2*w**2 - 3*w - 2. Let j be u(3). Let h(d) = -d**3 + d**2. List the prime factors of h(j).
2, 3
Let m(j) = j - 3. Let f be m(7). Suppose f*g - z - 48 = -2*z, 5*g = z + 51. List the prime factors of g.
11
Let q(j) = -5*j**2 + 4*j**2 - 4 + 5 + 8*j. List the prime factors of q(7).
2
Suppose -2*x = 4*p + 222, x + 3*x - 2*p + 414 = 0. List the prime factors of ((-12)/7)/(6/x).
2, 3, 5
Suppose 5*b - 3*b = 0. Let w = b + 10. What are the prime factors of w?
2, 5
Let g(q) = q**3 - 3*q**2 + 3*q - 2. Let i be g(2). Suppose x - 14 = -i*c + 2*c, 3*c = 3*x - 27. What are the prime factors of x?
2
Suppose 0*p - 5*c - 165 = -5*p, -4*p - 4*c + 140 = 0. What are the prime factors of p?
2, 17
Suppose z = i - 2, -z = i - 0*i + 6. Let v = 11 - z. Suppose -d + v - 3 = 0. List the prime factors of d.
2, 3
What are the prime factors of -6 + 1 + 184 + -1?
2, 89
Let c(w) = w**3 - 20*w**2 + 21*w + 25. What are the prime factors of c(19)?
3, 7
List the prime factors of (-3 + 2)/3 - 127/(-3).
2, 3, 7
Let p(z) = z**2 - 6*z + 6. Let m be p(6). Let s = m + 11. List the prime factors of s.
17
Let v be ((-4)/2)/2 - 2. Let f be v/(-3)*(-2 - -1). Let g = f - -12. List the prime factors of g.
11
Let g(j) = j**3 + 5*j**2 + 4*j + 5. Let y be g(-4). Suppose 53 = -y*o + 3. List the prime factors of (-126)/o + (-2)/(-5).
13
Let a(j) = j**2 - 9*j + 8. List the prime factors of a(9).
2
Suppose -b - 3*b + 80 = 0. Suppose o - b = -o. What are the prime factors of o?
2, 5
List the prime factors of 8/16 - (-1203)/6.
3, 67
Let z = -83 - -118. What are the prime factors of z?
5, 7
Suppose 0*f = -5*f + v - 92, 2*f + 28 = -4*v. Let p = -6 - f. What are the prime factors of p?
2, 3
Let k = -11 - -13. Suppose -3 = h, 0*x + 16 = x + k*h. List the prime factors of x.
2, 11
Let s(o) = o**3 - 5*o**2 - 9*o - 5. What are the prime factors of s(7)?
2, 3, 5
Let g be (-2)/(-12) - (-1)/(-6). Suppose 5*n - 4*z - 67 = g, 5*n - 68 = n - 4*z. List the prime factors of n.
3, 5
Let h = -51 + 84. List the prime factors of h.
3, 11
Suppose -2*p = 2*p - 8. Suppose -2*v + z + 60 = 0, p*v - v = 3*z + 20. List the prime factors of v.
2
Let x = 5 - 0. Suppose 5*a - 12 = 4*m + 7, 0 = x*m - a + 29. List the prime factors of 5*1 + (m - -3).
2
Suppose 3*s - 6*s = -18. List the prime factors of s.
2, 3
Suppose 0 = -m - 4*m - 70. Let u be 1*-3 + m/(-2). Suppose -2*w + u = -w. List the prime factors of w.
2
Suppose -5*d + d + 24 = 0. Suppose -o = o - c - 18, 2*o + 2*c - d = 0. List the prime factors of 27/18 - o/(-2).
5
Suppose -3*q = -2*q - 58. List the prime factors of q.
2, 29
Let j be (2 - 6)*(-15)/(-12). Let n(l) = -l**3 - 6*l**2 - 4*l + 5. Let g be n(j). Let t = 2 + g. What are the prime factors of t?
2
Let g be (4/(-6))/((-12)/846). Suppose g = 3*l + 5. List the prime factors of l.
2, 7
Let n(h) = 2*h**2. What are the prime factors of n(-2)?
2
Let h = 616 - 416. What are the prime factors of h?
2, 5
Suppose 0 = -7*p - 2*p + 1332. What are the prime factors of p?
2, 37
Let s(y) = -y**3 + 5*y**2 - 2*y - 2. Let t be s(3). Suppose -10 = 5*d - t*d. Suppose -3*a = -5*i - 5*a + 14, -d*a + 12 = 4*i. What are the prime factors of i?
2
Suppose 3*f - 5*t = 99, -135 + 36 = -3*f - 4*t. List the prime factors of f.
3, 11
Suppose 28 = -5*t - 2*m, 0 = -2*t - 5*m - 7 - 21. Let u = -31 - -15. Let p = t - u. What are the prime factors of p?
2, 3
Suppose 5*k = 263 + 82. List the prime factors of k.
3, 23
List the prime factors of (-3 - -1)/(15/6)*-35.
2, 7
Suppose -5*z = -4*l + 51, -3*l + 2*z + 30 = z. Let t = l + 5. List the prime factors of t.
2, 7
Suppose 20 = -3*l - 3*s - 2*s, 0 = -4*l - 4*s - 16. Let u = -3 + l. Let x = u - -7. What are the prime factors of x?
2
Let j(a) = 3*a**2 - 6*a + 6. Let r(g) = 2*g - 3. Let f be r(4). Let p be j(f). List the prime factors of 1 - p/(3/(-1)).
2, 3
Suppose 51 = 5*q + 4*p, -2*p - 3 = -1. What are the prime factors of q?
11
Let c be (-8)/6*30/(-4). Let j = 6 - c. Let o = 7 + j. List the prime factors of o.
3
Let p(f) be the third derivative of -f**4/24 - 2*f**2. Let j be p(-5). Suppose u + 0*c - 2*c = 0, 3*u = j*c + 5. List the prime factors of u.
2, 5
Let z be 34/(-5)*(-46 - -1). Suppose a + 5*a - z = 0. What are the prime factors of a?
3, 17
Let b be (1 + 0)/(5/(-90)). Let h be (-4)/b - 137/9. Let z = 31 + h. What are the prime factors of z?
2
Let p(l) = l + 7. Let h be p(-6). Suppose -2*o + 21 = h. List the prime factors of o.
2, 5
Let q(k) = 2*k**2 - 13*k + 12. Let h be q(10). Suppose -7*t + 9*t - h = 0. List the prime factors of t.
41
Let i = 5 + -2. Suppose 0 = -4*g - i*c + 53, -23 = -0*g - g - 4*c. What are the prime factors of g?
11
What are the prime factors of (-1)/(38/13 - 3)?
13
Let k(w) = w**2 - 9*w + 4. Let s be k(8). List the prime factors of 30/s*(-56)/35.
2, 3
Let r(s) = s**3 - 3*s**2 - 9*s + 10. What are the prime factors of r(6)?
2
Let p(x) = -2*x. Let k be p(3). Let j = k + 10. What are the prime factors of j?
2
Suppose 61 + 227 = 3*d. List the prime factors of d.
2, 3
Suppose 3*n = 15 - 57. Let d = -20 - n. Let i = -1 - d. List the prime factors of i.
5
Suppose 2*z + 4*q = 108, -2*z - z + 212 = -4*q. What are the prime factors of z?
2
Let i be 52 - (1 - (-6)/(-2)). Suppose 2*t + 2*t = -s + 216, -t = -3*s - i. List the prime factors of t.
2, 3
Let s be (3/(-4))/(2/(-48)). Suppose -3*r = -0*n + n - s, 0 = -5*r + 5*n + 50. Let g = -4 + r. What are the prime factors of g?
3
Suppose -3*g = -6*g + 24. Suppose 2*r - 11 - 21 = -5*c, c = r + 5. List the prime factors of ((-12)/(-8))/(c/g).
2
Suppose -2*c + b - 6*b = -338, -2*c = -4*b - 302. List the prime factors of c.
3, 53
Let z = 7 - 4. Let d = 1 + z. Suppose -3*t = -4*s - 7, -9 = -3*t - s + d*s. What are the prime factors of t?
5
Suppose -4*o = -222 - 614. What are the prime factors of o?
11, 19
Let c(k) = -2*k**2 - 5*k - 5. Let f be c(-5). Let o = f + 94. Suppose 4*x - 8*x = -o. List the prime factors of x.
2
Let q(y) = -16*y**3 + y**2 - y - 1. Let r be q(-1). Let p = 29 - r. What are the prime factors of p?
2, 3
Suppose -15 = -3*w, -2*k - 3*w = -6*k + 9. Let v = 14 - k. What are the prime factors of v?
2
Suppose -3*q + 3*x + 38 = 2*x, -2*q - 5*x = 3. List the prime factors of q.
11
Suppose 0 = 4*r + 3*c + 14 - 156, -128 = -4*r + 4*c. Suppose -3*w = 11 + r. What are the prime factors of ((-6)/5)/(2/w)?
3
What are the prime factors of 16/72 - (-286)/9?
2
Suppose 0 = -5*z - 2*d + 113, d + 4*d + 1 = z. What are the prime factors of z?
3, 7
Suppose -4*j + 194 = -2*j. List the prime factors of j.
97
Suppose -5*g = -2*a + 96, -182 = -4*a - g - 12. What are the prime factors of a?
43
Suppose -3*r = 2*r - 20, -3*r = -3*v + 21. Suppose 4 = 5*u - v. Suppose -t - u*t + 76 = 0. List the prime factors of t.
19
Suppose -3*f - 28 = -7*f. List the prime factors of f.
7
Suppose 2*g + 0 = -8. Let z(a) = -a**2 - 3. Let y be z(g). Let x = -10 - y. List the prime factors of x.
3
Let s = 29 + 40. List the prime factors of s.
3, 23
Let t be (1/2 + 0)*6. Let r be ((-6)/(-2) + -2)*t. Let a(c) = c**3 - 3*c**2 + c + 1. List the prime factors of a(r).
2
Let y = -61 + 109. Suppose -2*k - y = -5*k. What are the prime factors of k?
2
Let j = -20 - -15. What are the prime factors of 9*4*j/(-4)?
3, 5
Let d be (7 + -1)/2 + 2. Suppose -21 - 1 = -2*u + 5*b, -d*u - 3*b + 55 = 0. What are the prime factors of u?
11
Let v(h) = -4*h. Let m be v(-1). Suppose -c = 5*l - 123, -c + 0*c = m*l - 98. What are the prime factors of l?
5
Let x be -4 + (1 - (-5 + 3)). Let s be 1 - (-1 - 0)*x. List the prime factors of (-1)/((-3)/12 - s).
2
Let i(t) = t - 11. Let b be i(0). Let x = -6 - b. What are the prime factors of x?
5
What are the prime factors of 315/(-14)*-1*2?
3, 5
Let z = -42 - -84. Let d = z + -14. What are the prime factors of d?
2, 7
Let o = 8 + 0. What are the prime factors of o/(-28) + 172/14?
2, 3
Suppose -41 = 5*f + 19. What are the prime factors of -2*3*f/8?
3
Let v(t) = -t**2 - 1 - 5 + 17. Let r(c) = c**3 + 3*c**2 - 4*c. Let a be r(-4). What are the prime factors of v(a)?
11
List the prime factors of ((-120)/36)/(2/(-3)).
5
Suppose o - 132 = -4*k, 3*k + 0*k = 5*o + 99. Suppose 5*j - 2*d = 38, k = 4*j + 3*d - 2*d. List the prime factors of j.
2
Suppose -4*g - 26 = 3*s - s, -4*g = 4*s + 36. Let d